{"id":3057,"date":"2021-06-19T13:29:18","date_gmt":"2021-06-19T13:29:18","guid":{"rendered":"http:\/\/mennur.com.tr\/?post_type=product&#038;p=3057"},"modified":"2021-06-19T23:24:23","modified_gmt":"2021-06-19T23:24:23","slug":"bonfrit-parmak-patates","status":"publish","type":"product","link":"https:\/\/mennur.com.tr\/index.php\/urun\/bonfrit-parmak-patates\/","title":{"rendered":"Bonfrit Parmak Patates"},"content":{"rendered":"","protected":false},"excerpt":{"rendered":"<p>\u00dcr\u00fcn Ad\u0131: Bonfrit Parmak Patates<br \/>\nMarka: SANPA<br \/>\nPaketleme: 7&#215;7 &#8211; 9&#215;9 &amp; 9&#215;18 \u00e7e\u015fitleri vard\u0131r.<br \/>\nGramaj: 2500 Kg l\u0131k Ambalajlarda sat\u0131l\u0131r.<\/p>\n","protected":false},"featured_media":3071,"template":"","meta":[],"product_cat":[37],"product_tag":[],"class_list":["post-3057","product","type-product","status-publish","has-post-thumbnail","hentry","product_cat-donuk"],"_links":{"self":[{"href":"https:\/\/mennur.com.tr\/index.php\/wp-json\/wp\/v2\/product\/3057","targetHints":{"allow":["GET"]}}],"collection":[{"href":"https:\/\/mennur.com.tr\/index.php\/wp-json\/wp\/v2\/product"}],"about":[{"href":"https:\/\/mennur.com.tr\/index.php\/wp-json\/wp\/v2\/types\/product"}],"version-history":[{"count":3,"href":"https:\/\/mennur.com.tr\/index.php\/wp-json\/wp\/v2\/product\/3057\/revisions"}],"predecessor-version":[{"id":3061,"href":"https:\/\/mennur.com.tr\/index.php\/wp-json\/wp\/v2\/product\/3057\/revisions\/3061"}],"wp:featuredmedia":[{"embeddable":true,"href":"https:\/\/mennur.com.tr\/index.php\/wp-json\/wp\/v2\/media\/3071"}],"wp:attachment":[{"href":"https:\/\/mennur.com.tr\/index.php\/wp-json\/wp\/v2\/media?parent=3057"}],"wp:term":[{"taxonomy":"product_cat","embeddable":true,"href":"https:\/\/mennur.com.tr\/index.php\/wp-json\/wp\/v2\/product_cat?post=3057"},{"taxonomy":"product_tag","embeddable":true,"href":"https:\/\/mennur.com.tr\/index.php\/wp-json\/wp\/v2\/product_tag?post=3057"}],"curies":[{"name":"wp","href":"https:\/\/api.w.org\/{rel}","templated":true}]}}