{"id":3085,"date":"2021-06-19T23:12:33","date_gmt":"2021-06-19T23:12:33","guid":{"rendered":"http:\/\/mennur.com.tr\/?post_type=product&#038;p=3085"},"modified":"2021-07-05T13:04:38","modified_gmt":"2021-07-05T13:04:38","slug":"dondurulmus-taze-fasulye","status":"publish","type":"product","link":"https:\/\/mennur.com.tr\/index.php\/urun\/dondurulmus-taze-fasulye\/","title":{"rendered":"Dondurulmu\u015f Taze Fas\u00fclye"},"content":{"rendered":"","protected":false},"excerpt":{"rendered":"<p>\u00dcr\u00fcn Ad\u0131: Dondurulmu\u015f Taze Fas\u00fclye<br \/>\nMarka: Betka Fresh<br \/>\nPaketleme: 2500 Gr<br \/>\nKesim \u00d6l\u00e7\u00fcleri:\u00a04-6 cm<\/p>\n","protected":false},"featured_media":3088,"template":"","meta":[],"product_cat":[37,41],"product_tag":[],"class_list":["post-3085","product","type-product","status-publish","has-post-thumbnail","hentry","product_cat-donuk","product_cat-sebze"],"_links":{"self":[{"href":"https:\/\/mennur.com.tr\/index.php\/wp-json\/wp\/v2\/product\/3085","targetHints":{"allow":["GET"]}}],"collection":[{"href":"https:\/\/mennur.com.tr\/index.php\/wp-json\/wp\/v2\/product"}],"about":[{"href":"https:\/\/mennur.com.tr\/index.php\/wp-json\/wp\/v2\/types\/product"}],"version-history":[{"count":1,"href":"https:\/\/mennur.com.tr\/index.php\/wp-json\/wp\/v2\/product\/3085\/revisions"}],"predecessor-version":[{"id":3096,"href":"https:\/\/mennur.com.tr\/index.php\/wp-json\/wp\/v2\/product\/3085\/revisions\/3096"}],"wp:featuredmedia":[{"embeddable":true,"href":"https:\/\/mennur.com.tr\/index.php\/wp-json\/wp\/v2\/media\/3088"}],"wp:attachment":[{"href":"https:\/\/mennur.com.tr\/index.php\/wp-json\/wp\/v2\/media?parent=3085"}],"wp:term":[{"taxonomy":"product_cat","embeddable":true,"href":"https:\/\/mennur.com.tr\/index.php\/wp-json\/wp\/v2\/product_cat?post=3085"},{"taxonomy":"product_tag","embeddable":true,"href":"https:\/\/mennur.com.tr\/index.php\/wp-json\/wp\/v2\/product_tag?post=3085"}],"curies":[{"name":"wp","href":"https:\/\/api.w.org\/{rel}","templated":true}]}}