{"id":3131,"date":"2021-06-19T23:32:28","date_gmt":"2021-06-19T23:32:28","guid":{"rendered":"http:\/\/mennur.com.tr\/?post_type=product&#038;p=3131"},"modified":"2021-06-19T23:32:29","modified_gmt":"2021-06-19T23:32:29","slug":"dana-kokteyl-sosis","status":"publish","type":"product","link":"https:\/\/mennur.com.tr\/index.php\/urun\/dana-kokteyl-sosis\/","title":{"rendered":"Dana Kokteyl Sosis"},"content":{"rendered":"","protected":false},"excerpt":{"rendered":"<p>\u00dcr\u00fcn Ad\u0131: %100 Dana Kokteyl Sosis<\/p>\n<p>Marka: Polonez<\/p>\n<p>Paketleme: 500 Gr K\u00fcvet<\/p>\n","protected":false},"featured_media":3132,"template":"","meta":[],"product_cat":[38],"product_tag":[],"class_list":["post-3131","product","type-product","status-publish","has-post-thumbnail","hentry","product_cat-et"],"_links":{"self":[{"href":"https:\/\/mennur.com.tr\/index.php\/wp-json\/wp\/v2\/product\/3131","targetHints":{"allow":["GET"]}}],"collection":[{"href":"https:\/\/mennur.com.tr\/index.php\/wp-json\/wp\/v2\/product"}],"about":[{"href":"https:\/\/mennur.com.tr\/index.php\/wp-json\/wp\/v2\/types\/product"}],"version-history":[{"count":1,"href":"https:\/\/mennur.com.tr\/index.php\/wp-json\/wp\/v2\/product\/3131\/revisions"}],"predecessor-version":[{"id":3133,"href":"https:\/\/mennur.com.tr\/index.php\/wp-json\/wp\/v2\/product\/3131\/revisions\/3133"}],"wp:featuredmedia":[{"embeddable":true,"href":"https:\/\/mennur.com.tr\/index.php\/wp-json\/wp\/v2\/media\/3132"}],"wp:attachment":[{"href":"https:\/\/mennur.com.tr\/index.php\/wp-json\/wp\/v2\/media?parent=3131"}],"wp:term":[{"taxonomy":"product_cat","embeddable":true,"href":"https:\/\/mennur.com.tr\/index.php\/wp-json\/wp\/v2\/product_cat?post=3131"},{"taxonomy":"product_tag","embeddable":true,"href":"https:\/\/mennur.com.tr\/index.php\/wp-json\/wp\/v2\/product_tag?post=3131"}],"curies":[{"name":"wp","href":"https:\/\/api.w.org\/{rel}","templated":true}]}}