{"id":3173,"date":"2021-06-20T00:19:14","date_gmt":"2021-06-20T00:19:14","guid":{"rendered":"http:\/\/mennur.com.tr\/?post_type=product&#038;p=3173"},"modified":"2021-06-20T00:19:14","modified_gmt":"2021-06-20T00:19:14","slug":"sebzeli-cesni-5kg","status":"publish","type":"product","link":"https:\/\/mennur.com.tr\/index.php\/urun\/sebzeli-cesni-5kg\/","title":{"rendered":"Sebzeli \u00c7e\u015fni 5KG"},"content":{"rendered":"","protected":false},"excerpt":{"rendered":"<p>\u00dcr\u00fcn Ad\u0131: Sebzeli \u00c7e\u015fni 5KG<\/p>\n<p>Marka: MAGG\u0130<\/p>\n<p><strong>\u0130\u00e7erik:<\/strong> Zengin sebze i\u00e7eri\u011fi ve dengeli tad\u0131yla \u00e7orba, pilav, makarna, \u0131zgara, k\u0131zartma ve salatalar\u0131n\u0131za tat vermenizi sa\u011flar.<\/p>\n<p>Hi\u00e7bir koruyucu i\u00e7ermez.<\/p>\n","protected":false},"featured_media":3174,"template":"","meta":[],"product_cat":[43,36],"product_tag":[],"class_list":["post-3173","product","type-product","status-publish","has-post-thumbnail","hentry","product_cat-maggi","product_cat-nestle"],"_links":{"self":[{"href":"https:\/\/mennur.com.tr\/index.php\/wp-json\/wp\/v2\/product\/3173","targetHints":{"allow":["GET"]}}],"collection":[{"href":"https:\/\/mennur.com.tr\/index.php\/wp-json\/wp\/v2\/product"}],"about":[{"href":"https:\/\/mennur.com.tr\/index.php\/wp-json\/wp\/v2\/types\/product"}],"version-history":[{"count":1,"href":"https:\/\/mennur.com.tr\/index.php\/wp-json\/wp\/v2\/product\/3173\/revisions"}],"predecessor-version":[{"id":3175,"href":"https:\/\/mennur.com.tr\/index.php\/wp-json\/wp\/v2\/product\/3173\/revisions\/3175"}],"wp:featuredmedia":[{"embeddable":true,"href":"https:\/\/mennur.com.tr\/index.php\/wp-json\/wp\/v2\/media\/3174"}],"wp:attachment":[{"href":"https:\/\/mennur.com.tr\/index.php\/wp-json\/wp\/v2\/media?parent=3173"}],"wp:term":[{"taxonomy":"product_cat","embeddable":true,"href":"https:\/\/mennur.com.tr\/index.php\/wp-json\/wp\/v2\/product_cat?post=3173"},{"taxonomy":"product_tag","embeddable":true,"href":"https:\/\/mennur.com.tr\/index.php\/wp-json\/wp\/v2\/product_tag?post=3173"}],"curies":[{"name":"wp","href":"https:\/\/api.w.org\/{rel}","templated":true}]}}