{"id":3204,"date":"2021-06-20T00:33:09","date_gmt":"2021-06-20T00:33:09","guid":{"rendered":"http:\/\/mennur.com.tr\/?post_type=product&#038;p=3204"},"modified":"2021-06-20T00:33:09","modified_gmt":"2021-06-20T00:33:09","slug":"nestle-krema-1lt-tr","status":"publish","type":"product","link":"https:\/\/mennur.com.tr\/index.php\/urun\/nestle-krema-1lt-tr\/","title":{"rendered":"NESTL\u00c9 Krema 1LT TR"},"content":{"rendered":"","protected":false},"excerpt":{"rendered":"<p><strong>\u00dcr\u00fcn Ad\u0131:<\/strong> NESTL\u00c9 Krema 1LT TR<\/p>\n<p><strong>Marka:<\/strong> NESTLE<\/p>\n<p><strong>Tan\u0131t\u0131m: <\/strong>\u00a0Nestl\u00e9 Docello Profesyonel Krema, her g\u00fcn taptaze, lezzetli \u00e7ikolatal\u0131 tatl\u0131 ve pastalar yapan yarat\u0131c\u0131 \u015feflerin tatl\u0131 imzas\u0131 oluyor.<\/p>\n","protected":false},"featured_media":3205,"template":"","meta":[],"product_cat":[36,44],"product_tag":[],"class_list":["post-3204","product","type-product","status-publish","has-post-thumbnail","hentry","product_cat-nestle","product_cat-tatli-cikolata"],"_links":{"self":[{"href":"https:\/\/mennur.com.tr\/index.php\/wp-json\/wp\/v2\/product\/3204","targetHints":{"allow":["GET"]}}],"collection":[{"href":"https:\/\/mennur.com.tr\/index.php\/wp-json\/wp\/v2\/product"}],"about":[{"href":"https:\/\/mennur.com.tr\/index.php\/wp-json\/wp\/v2\/types\/product"}],"version-history":[{"count":1,"href":"https:\/\/mennur.com.tr\/index.php\/wp-json\/wp\/v2\/product\/3204\/revisions"}],"predecessor-version":[{"id":3206,"href":"https:\/\/mennur.com.tr\/index.php\/wp-json\/wp\/v2\/product\/3204\/revisions\/3206"}],"wp:featuredmedia":[{"embeddable":true,"href":"https:\/\/mennur.com.tr\/index.php\/wp-json\/wp\/v2\/media\/3205"}],"wp:attachment":[{"href":"https:\/\/mennur.com.tr\/index.php\/wp-json\/wp\/v2\/media?parent=3204"}],"wp:term":[{"taxonomy":"product_cat","embeddable":true,"href":"https:\/\/mennur.com.tr\/index.php\/wp-json\/wp\/v2\/product_cat?post=3204"},{"taxonomy":"product_tag","embeddable":true,"href":"https:\/\/mennur.com.tr\/index.php\/wp-json\/wp\/v2\/product_tag?post=3204"}],"curies":[{"name":"wp","href":"https:\/\/api.w.org\/{rel}","templated":true}]}}