{"id":3207,"date":"2021-06-20T00:34:31","date_gmt":"2021-06-20T00:34:31","guid":{"rendered":"http:\/\/mennur.com.tr\/?post_type=product&#038;p=3207"},"modified":"2021-06-20T00:34:32","modified_gmt":"2021-06-20T00:34:32","slug":"nestle-brasilia-filtre-kahve-500g","status":"publish","type":"product","link":"https:\/\/mennur.com.tr\/index.php\/urun\/nestle-brasilia-filtre-kahve-500g\/","title":{"rendered":"Nestl\u00e9 Brasilia Filtre Kahve 500g"},"content":{"rendered":"","protected":false},"excerpt":{"rendered":"<p><strong>\u00dcr\u00fcn Ad\u0131:<\/strong> Nestl\u00e9 Brasilia Filtre Kahve 500g<\/p>\n<p><strong>Marka:<\/strong> NESTLE<\/p>\n<p><strong>Tan\u0131t\u0131m: <\/strong>\u00a040 g Nestl\u00e9 Brasilia&#8217;y\u0131 filtre kahve makinenize koyun, 1 litre su ekleyin ve demleyin. Arzu ederseniz s\u00fct ekleyin. Kahve keyfinin tad\u0131n\u0131 \u00e7\u0131kar\u0131n.<br \/>\nDilerseniz french press&#8217;te de demleyebilirsiniz.<\/p>\n","protected":false},"featured_media":3208,"template":"","meta":[],"product_cat":[45,36],"product_tag":[],"class_list":["post-3207","product","type-product","status-publish","has-post-thumbnail","hentry","product_cat-kahve","product_cat-nestle"],"_links":{"self":[{"href":"https:\/\/mennur.com.tr\/index.php\/wp-json\/wp\/v2\/product\/3207","targetHints":{"allow":["GET"]}}],"collection":[{"href":"https:\/\/mennur.com.tr\/index.php\/wp-json\/wp\/v2\/product"}],"about":[{"href":"https:\/\/mennur.com.tr\/index.php\/wp-json\/wp\/v2\/types\/product"}],"version-history":[{"count":1,"href":"https:\/\/mennur.com.tr\/index.php\/wp-json\/wp\/v2\/product\/3207\/revisions"}],"predecessor-version":[{"id":3209,"href":"https:\/\/mennur.com.tr\/index.php\/wp-json\/wp\/v2\/product\/3207\/revisions\/3209"}],"wp:featuredmedia":[{"embeddable":true,"href":"https:\/\/mennur.com.tr\/index.php\/wp-json\/wp\/v2\/media\/3208"}],"wp:attachment":[{"href":"https:\/\/mennur.com.tr\/index.php\/wp-json\/wp\/v2\/media?parent=3207"}],"wp:term":[{"taxonomy":"product_cat","embeddable":true,"href":"https:\/\/mennur.com.tr\/index.php\/wp-json\/wp\/v2\/product_cat?post=3207"},{"taxonomy":"product_tag","embeddable":true,"href":"https:\/\/mennur.com.tr\/index.php\/wp-json\/wp\/v2\/product_tag?post=3207"}],"curies":[{"name":"wp","href":"https:\/\/api.w.org\/{rel}","templated":true}]}}