{"id":3213,"date":"2021-06-20T00:36:29","date_gmt":"2021-06-20T00:36:29","guid":{"rendered":"http:\/\/mennur.com.tr\/?post_type=product&#038;p=3213"},"modified":"2021-06-20T00:36:29","modified_gmt":"2021-06-20T00:36:29","slug":"nestle-coffee-mate-ekopaket-500g","status":"publish","type":"product","link":"https:\/\/mennur.com.tr\/index.php\/urun\/nestle-coffee-mate-ekopaket-500g\/","title":{"rendered":"Nestl\u00e9 Coffee Mate Ekopaket 500g"},"content":{"rendered":"","protected":false},"excerpt":{"rendered":"<p><strong>\u00dcr\u00fcn Ad\u0131:<\/strong> Nestl\u00e9 Coffee Mate Ekopaket 500g<\/p>\n<p><strong>Marka:<\/strong> NESTLE<\/p>\n<p><strong>Tan\u0131t\u0131m: <\/strong>\u00a0S\u00f6zc\u00fck anlam\u0131 &#8221;kahvenin arkada\u015f\u0131&#8221; olan COFFEE MATE , Nestl\u00e9 uzmanl\u0131\u011f\u0131nda geli\u015ftirilmi\u015f kahve kremas\u0131d\u0131r.<br \/>\nBilindi\u011finin aksine, COFFEE MATE bir s\u00fct tozu de\u011fil, kahvelerinizi lezzetlendirmek i\u00e7in \u00fcretilmi\u015f \u00f6zel bir kahve kremas\u0131d\u0131r. Bitkisel i\u00e7eriklidir. Kahvenin do\u011fal kokusunu kaybetmeden yumu\u015fak bir i\u00e7im keyfi ya\u015faman\u0131z\u0131 sa\u011flar.<\/p>\n","protected":false},"featured_media":3214,"template":"","meta":[],"product_cat":[45,36],"product_tag":[],"class_list":["post-3213","product","type-product","status-publish","has-post-thumbnail","hentry","product_cat-kahve","product_cat-nestle"],"_links":{"self":[{"href":"https:\/\/mennur.com.tr\/index.php\/wp-json\/wp\/v2\/product\/3213","targetHints":{"allow":["GET"]}}],"collection":[{"href":"https:\/\/mennur.com.tr\/index.php\/wp-json\/wp\/v2\/product"}],"about":[{"href":"https:\/\/mennur.com.tr\/index.php\/wp-json\/wp\/v2\/types\/product"}],"version-history":[{"count":1,"href":"https:\/\/mennur.com.tr\/index.php\/wp-json\/wp\/v2\/product\/3213\/revisions"}],"predecessor-version":[{"id":3215,"href":"https:\/\/mennur.com.tr\/index.php\/wp-json\/wp\/v2\/product\/3213\/revisions\/3215"}],"wp:featuredmedia":[{"embeddable":true,"href":"https:\/\/mennur.com.tr\/index.php\/wp-json\/wp\/v2\/media\/3214"}],"wp:attachment":[{"href":"https:\/\/mennur.com.tr\/index.php\/wp-json\/wp\/v2\/media?parent=3213"}],"wp:term":[{"taxonomy":"product_cat","embeddable":true,"href":"https:\/\/mennur.com.tr\/index.php\/wp-json\/wp\/v2\/product_cat?post=3213"},{"taxonomy":"product_tag","embeddable":true,"href":"https:\/\/mennur.com.tr\/index.php\/wp-json\/wp\/v2\/product_tag?post=3213"}],"curies":[{"name":"wp","href":"https:\/\/api.w.org\/{rel}","templated":true}]}}