{"id":3232,"date":"2021-06-20T00:46:27","date_gmt":"2021-06-20T00:46:27","guid":{"rendered":"http:\/\/mennur.com.tr\/?post_type=product&#038;p=3232"},"modified":"2021-06-20T00:46:28","modified_gmt":"2021-06-20T00:46:28","slug":"nescafe-2si1-arada-1248x10g","status":"publish","type":"product","link":"https:\/\/mennur.com.tr\/index.php\/urun\/nescafe-2si1-arada-1248x10g\/","title":{"rendered":"NESCAF\u00c9 2si1 Arada 12(48x10g)"},"content":{"rendered":"","protected":false},"excerpt":{"rendered":"<p><strong>\u00dcr\u00fcn Ad\u0131:<\/strong> NESCAF\u00c9 2si1 Arada 12(48x10g)<\/p>\n<p><strong>Marka:<\/strong> NESTLE<\/p>\n<p><strong>Tan\u0131t\u0131m: <\/strong>\u00a0Sadece kahve ve Coffee Mate\u2019in m\u00fckemmel kar\u0131\u015f\u0131m\u0131n\u0131 tercih edenlere: NESCAF\u00c9 2si1 Arada! Tad\u0131, kokusu ve k\u0131vam\u0131yla her an yan\u0131nda.<\/p>\n","protected":false},"featured_media":3226,"template":"","meta":[],"product_cat":[45,36],"product_tag":[],"class_list":["post-3232","product","type-product","status-publish","has-post-thumbnail","hentry","product_cat-kahve","product_cat-nestle"],"_links":{"self":[{"href":"https:\/\/mennur.com.tr\/index.php\/wp-json\/wp\/v2\/product\/3232","targetHints":{"allow":["GET"]}}],"collection":[{"href":"https:\/\/mennur.com.tr\/index.php\/wp-json\/wp\/v2\/product"}],"about":[{"href":"https:\/\/mennur.com.tr\/index.php\/wp-json\/wp\/v2\/types\/product"}],"version-history":[{"count":1,"href":"https:\/\/mennur.com.tr\/index.php\/wp-json\/wp\/v2\/product\/3232\/revisions"}],"predecessor-version":[{"id":3233,"href":"https:\/\/mennur.com.tr\/index.php\/wp-json\/wp\/v2\/product\/3232\/revisions\/3233"}],"wp:featuredmedia":[{"embeddable":true,"href":"https:\/\/mennur.com.tr\/index.php\/wp-json\/wp\/v2\/media\/3226"}],"wp:attachment":[{"href":"https:\/\/mennur.com.tr\/index.php\/wp-json\/wp\/v2\/media?parent=3232"}],"wp:term":[{"taxonomy":"product_cat","embeddable":true,"href":"https:\/\/mennur.com.tr\/index.php\/wp-json\/wp\/v2\/product_cat?post=3232"},{"taxonomy":"product_tag","embeddable":true,"href":"https:\/\/mennur.com.tr\/index.php\/wp-json\/wp\/v2\/product_tag?post=3232"}],"curies":[{"name":"wp","href":"https:\/\/api.w.org\/{rel}","templated":true}]}}