{"id":3234,"date":"2021-06-20T00:47:18","date_gmt":"2021-06-20T00:47:18","guid":{"rendered":"http:\/\/mennur.com.tr\/?post_type=product&#038;p=3234"},"modified":"2021-06-20T00:47:18","modified_gmt":"2021-06-20T00:47:18","slug":"nestle-powder-salep-1824x17g","status":"publish","type":"product","link":"https:\/\/mennur.com.tr\/index.php\/urun\/nestle-powder-salep-1824x17g\/","title":{"rendered":"Nestl\u00e9 Powder Salep 18(24x17g)"},"content":{"rendered":"","protected":false},"excerpt":{"rendered":"<p><strong>\u00dcr\u00fcn Ad\u0131:<\/strong> Nestl\u00e9 Powder Salep 18(24x17g)<\/p>\n<p><strong>Marka:<\/strong> NESTLE<\/p>\n<p><strong>Tan\u0131t\u0131m: <\/strong>\u00a0K\u0131\u015f aylar\u0131n\u0131n vazge\u00e7ilmez i\u00e7ece\u011fi Nestl\u00e9 Salep, s\u0131cak s\u0131cak iyi gider!<\/p>\n","protected":false},"featured_media":3235,"template":"","meta":[],"product_cat":[45,36],"product_tag":[],"class_list":["post-3234","product","type-product","status-publish","has-post-thumbnail","hentry","product_cat-kahve","product_cat-nestle"],"_links":{"self":[{"href":"https:\/\/mennur.com.tr\/index.php\/wp-json\/wp\/v2\/product\/3234","targetHints":{"allow":["GET"]}}],"collection":[{"href":"https:\/\/mennur.com.tr\/index.php\/wp-json\/wp\/v2\/product"}],"about":[{"href":"https:\/\/mennur.com.tr\/index.php\/wp-json\/wp\/v2\/types\/product"}],"version-history":[{"count":1,"href":"https:\/\/mennur.com.tr\/index.php\/wp-json\/wp\/v2\/product\/3234\/revisions"}],"predecessor-version":[{"id":3236,"href":"https:\/\/mennur.com.tr\/index.php\/wp-json\/wp\/v2\/product\/3234\/revisions\/3236"}],"wp:featuredmedia":[{"embeddable":true,"href":"https:\/\/mennur.com.tr\/index.php\/wp-json\/wp\/v2\/media\/3235"}],"wp:attachment":[{"href":"https:\/\/mennur.com.tr\/index.php\/wp-json\/wp\/v2\/media?parent=3234"}],"wp:term":[{"taxonomy":"product_cat","embeddable":true,"href":"https:\/\/mennur.com.tr\/index.php\/wp-json\/wp\/v2\/product_cat?post=3234"},{"taxonomy":"product_tag","embeddable":true,"href":"https:\/\/mennur.com.tr\/index.php\/wp-json\/wp\/v2\/product_tag?post=3234"}],"curies":[{"name":"wp","href":"https:\/\/api.w.org\/{rel}","templated":true}]}}