{"id":3255,"date":"2021-06-20T00:54:21","date_gmt":"2021-06-20T00:54:21","guid":{"rendered":"http:\/\/mennur.com.tr\/?post_type=product&#038;p=3255"},"modified":"2021-06-20T00:54:21","modified_gmt":"2021-06-20T00:54:21","slug":"nescafe-gold-200gr","status":"publish","type":"product","link":"https:\/\/mennur.com.tr\/index.php\/urun\/nescafe-gold-200gr\/","title":{"rendered":"NESCAF\u00c9 Gold 200gr"},"content":{"rendered":"","protected":false},"excerpt":{"rendered":"<p><strong>\u00dcr\u00fcn Ad\u0131:<\/strong> NESCAF\u00c9 Gold 200gr<\/p>\n<p><strong>Marka:<\/strong> NESTLE<\/p>\n<p><strong>Tan\u0131t\u0131m: <\/strong>\u00a0Kavrulmu\u015f kahve \u00e7ekirdeklerini, i\u00e7lerindeki kahve \u00f6z\u00fcn\u00fcn tamam\u0131n\u0131 verebilsinler diye k\u00fc\u00e7\u00fck par\u00e7alara \u00f6\u011f\u00fct\u00fcr. Sadece su kullanarak, kavrulmu\u015f ve \u00f6\u011f\u00fct\u00fclm\u00fc\u015f kahve \u00e7ekirdeklerinin i\u00e7inden en g\u00fczel kahve \u00f6z\u00fcn\u00fc \u00e7\u0131kar\u0131r. Bu zengin kahve \u00f6z\u00fcn\u00fc, saf so\u011fuk hava ile derin dondurarak kurutur. B\u00f6ylece o taptaze kahve aromas\u0131n\u0131 oldu\u011fu gibi saklar. Bu teknoloji d\u00fcnyada ilk olarak Nestl\u00e9 taraf\u0131ndan sadece NESCAF\u00c9 Gold i\u00e7in icat edilmi\u015ftir. Yani haz\u0131r kahve katk\u0131s\u0131zd\u0131r, %100 kahvedir.<\/p>\n","protected":false},"featured_media":3256,"template":"","meta":[],"product_cat":[45,36],"product_tag":[],"class_list":["post-3255","product","type-product","status-publish","has-post-thumbnail","hentry","product_cat-kahve","product_cat-nestle"],"_links":{"self":[{"href":"https:\/\/mennur.com.tr\/index.php\/wp-json\/wp\/v2\/product\/3255","targetHints":{"allow":["GET"]}}],"collection":[{"href":"https:\/\/mennur.com.tr\/index.php\/wp-json\/wp\/v2\/product"}],"about":[{"href":"https:\/\/mennur.com.tr\/index.php\/wp-json\/wp\/v2\/types\/product"}],"version-history":[{"count":1,"href":"https:\/\/mennur.com.tr\/index.php\/wp-json\/wp\/v2\/product\/3255\/revisions"}],"predecessor-version":[{"id":3257,"href":"https:\/\/mennur.com.tr\/index.php\/wp-json\/wp\/v2\/product\/3255\/revisions\/3257"}],"wp:featuredmedia":[{"embeddable":true,"href":"https:\/\/mennur.com.tr\/index.php\/wp-json\/wp\/v2\/media\/3256"}],"wp:attachment":[{"href":"https:\/\/mennur.com.tr\/index.php\/wp-json\/wp\/v2\/media?parent=3255"}],"wp:term":[{"taxonomy":"product_cat","embeddable":true,"href":"https:\/\/mennur.com.tr\/index.php\/wp-json\/wp\/v2\/product_cat?post=3255"},{"taxonomy":"product_tag","embeddable":true,"href":"https:\/\/mennur.com.tr\/index.php\/wp-json\/wp\/v2\/product_tag?post=3255"}],"curies":[{"name":"wp","href":"https:\/\/api.w.org\/{rel}","templated":true}]}}