{"id":3262,"date":"2021-06-20T01:06:29","date_gmt":"2021-06-20T01:06:29","guid":{"rendered":"http:\/\/mennur.com.tr\/?post_type=product&#038;p=3262"},"modified":"2021-07-05T10:44:10","modified_gmt":"2021-07-05T10:44:10","slug":"rokfor-peyniri","status":"publish","type":"product","link":"https:\/\/mennur.com.tr\/index.php\/urun\/rokfor-peyniri\/","title":{"rendered":"Rokfor Peyniri"},"content":{"rendered":"","protected":false},"excerpt":{"rendered":"<p>\u00dcr\u00fcn Ad\u0131: Rokfor Peyniri<\/p>\n<p>Marka: Danish Blue<\/p>\n<p>Men\u015fei: Danimarka<\/p>\n<p>Paketleme: Teker ve Vakumlu Ambalaj<\/p>\n<p>Gramaj: Teker (3,5 kg) halinde ve 300-400 gr vakumlu paketler \u015feklinde sat\u0131lmaktad\u0131r.<\/p>\n","protected":false},"featured_media":3263,"template":"","meta":[],"product_cat":[34],"product_tag":[],"class_list":["post-3262","product","type-product","status-publish","has-post-thumbnail","hentry","product_cat-peynir"],"_links":{"self":[{"href":"https:\/\/mennur.com.tr\/index.php\/wp-json\/wp\/v2\/product\/3262","targetHints":{"allow":["GET"]}}],"collection":[{"href":"https:\/\/mennur.com.tr\/index.php\/wp-json\/wp\/v2\/product"}],"about":[{"href":"https:\/\/mennur.com.tr\/index.php\/wp-json\/wp\/v2\/types\/product"}],"version-history":[{"count":1,"href":"https:\/\/mennur.com.tr\/index.php\/wp-json\/wp\/v2\/product\/3262\/revisions"}],"predecessor-version":[{"id":3264,"href":"https:\/\/mennur.com.tr\/index.php\/wp-json\/wp\/v2\/product\/3262\/revisions\/3264"}],"wp:featuredmedia":[{"embeddable":true,"href":"https:\/\/mennur.com.tr\/index.php\/wp-json\/wp\/v2\/media\/3263"}],"wp:attachment":[{"href":"https:\/\/mennur.com.tr\/index.php\/wp-json\/wp\/v2\/media?parent=3262"}],"wp:term":[{"taxonomy":"product_cat","embeddable":true,"href":"https:\/\/mennur.com.tr\/index.php\/wp-json\/wp\/v2\/product_cat?post=3262"},{"taxonomy":"product_tag","embeddable":true,"href":"https:\/\/mennur.com.tr\/index.php\/wp-json\/wp\/v2\/product_tag?post=3262"}],"curies":[{"name":"wp","href":"https:\/\/api.w.org\/{rel}","templated":true}]}}