{"id":3268,"date":"2021-06-20T01:11:32","date_gmt":"2021-06-20T01:11:32","guid":{"rendered":"http:\/\/mennur.com.tr\/?post_type=product&#038;p=3268"},"modified":"2021-06-20T01:11:33","modified_gmt":"2021-06-20T01:11:33","slug":"emmantel-peyniri","status":"publish","type":"product","link":"https:\/\/mennur.com.tr\/index.php\/urun\/emmantel-peyniri\/","title":{"rendered":"Emmantel Peyniri"},"content":{"rendered":"","protected":false},"excerpt":{"rendered":"<p>\u00dcr\u00fcn Ad\u0131: Emmantel Peyniri<\/p>\n<p>Marka: Kaserei Champignon<\/p>\n<p>Men\u015fei: Almanya<\/p>\n<p>Paketleme: Blok<\/p>\n<p>Gramaj: 2kg l\u0131k vakumlanm\u0131\u015f blok \u015feklinde sat\u0131lmaktad\u0131r.<\/p>\n","protected":false},"featured_media":3269,"template":"","meta":[],"product_cat":[34],"product_tag":[],"class_list":["post-3268","product","type-product","status-publish","has-post-thumbnail","hentry","product_cat-peynir"],"_links":{"self":[{"href":"https:\/\/mennur.com.tr\/index.php\/wp-json\/wp\/v2\/product\/3268","targetHints":{"allow":["GET"]}}],"collection":[{"href":"https:\/\/mennur.com.tr\/index.php\/wp-json\/wp\/v2\/product"}],"about":[{"href":"https:\/\/mennur.com.tr\/index.php\/wp-json\/wp\/v2\/types\/product"}],"version-history":[{"count":1,"href":"https:\/\/mennur.com.tr\/index.php\/wp-json\/wp\/v2\/product\/3268\/revisions"}],"predecessor-version":[{"id":3270,"href":"https:\/\/mennur.com.tr\/index.php\/wp-json\/wp\/v2\/product\/3268\/revisions\/3270"}],"wp:featuredmedia":[{"embeddable":true,"href":"https:\/\/mennur.com.tr\/index.php\/wp-json\/wp\/v2\/media\/3269"}],"wp:attachment":[{"href":"https:\/\/mennur.com.tr\/index.php\/wp-json\/wp\/v2\/media?parent=3268"}],"wp:term":[{"taxonomy":"product_cat","embeddable":true,"href":"https:\/\/mennur.com.tr\/index.php\/wp-json\/wp\/v2\/product_cat?post=3268"},{"taxonomy":"product_tag","embeddable":true,"href":"https:\/\/mennur.com.tr\/index.php\/wp-json\/wp\/v2\/product_tag?post=3268"}],"curies":[{"name":"wp","href":"https:\/\/api.w.org\/{rel}","templated":true}]}}