{"id":3274,"date":"2021-06-20T01:13:06","date_gmt":"2021-06-20T01:13:06","guid":{"rendered":"http:\/\/mennur.com.tr\/?post_type=product&#038;p=3274"},"modified":"2021-06-20T01:13:07","modified_gmt":"2021-06-20T01:13:07","slug":"kars-gravyer-peyniri","status":"publish","type":"product","link":"https:\/\/mennur.com.tr\/index.php\/urun\/kars-gravyer-peyniri\/","title":{"rendered":"Kars Gravyer Peyniri"},"content":{"rendered":"","protected":false},"excerpt":{"rendered":"<p>\u00dcr\u00fcn Ad\u0131: Kars Gravyer Peyniri<\/p>\n<p>Marka:<\/p>\n<p>Paketleme: Blok ve Vakumlu Paket<\/p>\n<p>Gramaj:\u00a0 2 kg blok halinde ve 300 gr l\u0131k vakumlu ambalajlarda sat\u0131lmaktad\u0131r.<\/p>\n","protected":false},"featured_media":3275,"template":"","meta":[],"product_cat":[34],"product_tag":[],"class_list":["post-3274","product","type-product","status-publish","has-post-thumbnail","hentry","product_cat-peynir"],"_links":{"self":[{"href":"https:\/\/mennur.com.tr\/index.php\/wp-json\/wp\/v2\/product\/3274","targetHints":{"allow":["GET"]}}],"collection":[{"href":"https:\/\/mennur.com.tr\/index.php\/wp-json\/wp\/v2\/product"}],"about":[{"href":"https:\/\/mennur.com.tr\/index.php\/wp-json\/wp\/v2\/types\/product"}],"version-history":[{"count":1,"href":"https:\/\/mennur.com.tr\/index.php\/wp-json\/wp\/v2\/product\/3274\/revisions"}],"predecessor-version":[{"id":3276,"href":"https:\/\/mennur.com.tr\/index.php\/wp-json\/wp\/v2\/product\/3274\/revisions\/3276"}],"wp:featuredmedia":[{"embeddable":true,"href":"https:\/\/mennur.com.tr\/index.php\/wp-json\/wp\/v2\/media\/3275"}],"wp:attachment":[{"href":"https:\/\/mennur.com.tr\/index.php\/wp-json\/wp\/v2\/media?parent=3274"}],"wp:term":[{"taxonomy":"product_cat","embeddable":true,"href":"https:\/\/mennur.com.tr\/index.php\/wp-json\/wp\/v2\/product_cat?post=3274"},{"taxonomy":"product_tag","embeddable":true,"href":"https:\/\/mennur.com.tr\/index.php\/wp-json\/wp\/v2\/product_tag?post=3274"}],"curies":[{"name":"wp","href":"https:\/\/api.w.org\/{rel}","templated":true}]}}