{"id":3283,"date":"2021-06-20T01:16:43","date_gmt":"2021-06-20T01:16:43","guid":{"rendered":"http:\/\/mennur.com.tr\/?post_type=product&#038;p=3283"},"modified":"2021-06-20T01:16:43","modified_gmt":"2021-06-20T01:16:43","slug":"cerkez-isli-peyniri","status":"publish","type":"product","link":"https:\/\/mennur.com.tr\/index.php\/urun\/cerkez-isli-peyniri\/","title":{"rendered":"\u00c7erkez \u0130sli Peyniri"},"content":{"rendered":"","protected":false},"excerpt":{"rendered":"<p>\u00dcr\u00fcn Ad\u0131: \u00c7erkez \u0130sli Peyniri<\/p>\n<p>Marka: Mustafa Dede<\/p>\n<p>Paketleme: 1 Kg l\u0131k Teker<\/p>\n<p>Gramaj:\u00a0 1 Kg l\u0131k vakumlu teker halinde sat\u0131lmaktad\u0131r.<\/p>\n","protected":false},"featured_media":3284,"template":"","meta":[],"product_cat":[34],"product_tag":[],"class_list":["post-3283","product","type-product","status-publish","has-post-thumbnail","hentry","product_cat-peynir"],"_links":{"self":[{"href":"https:\/\/mennur.com.tr\/index.php\/wp-json\/wp\/v2\/product\/3283","targetHints":{"allow":["GET"]}}],"collection":[{"href":"https:\/\/mennur.com.tr\/index.php\/wp-json\/wp\/v2\/product"}],"about":[{"href":"https:\/\/mennur.com.tr\/index.php\/wp-json\/wp\/v2\/types\/product"}],"version-history":[{"count":1,"href":"https:\/\/mennur.com.tr\/index.php\/wp-json\/wp\/v2\/product\/3283\/revisions"}],"predecessor-version":[{"id":3285,"href":"https:\/\/mennur.com.tr\/index.php\/wp-json\/wp\/v2\/product\/3283\/revisions\/3285"}],"wp:featuredmedia":[{"embeddable":true,"href":"https:\/\/mennur.com.tr\/index.php\/wp-json\/wp\/v2\/media\/3284"}],"wp:attachment":[{"href":"https:\/\/mennur.com.tr\/index.php\/wp-json\/wp\/v2\/media?parent=3283"}],"wp:term":[{"taxonomy":"product_cat","embeddable":true,"href":"https:\/\/mennur.com.tr\/index.php\/wp-json\/wp\/v2\/product_cat?post=3283"},{"taxonomy":"product_tag","embeddable":true,"href":"https:\/\/mennur.com.tr\/index.php\/wp-json\/wp\/v2\/product_tag?post=3283"}],"curies":[{"name":"wp","href":"https:\/\/api.w.org\/{rel}","templated":true}]}}