{"id":3289,"date":"2021-06-20T01:18:21","date_gmt":"2021-06-20T01:18:21","guid":{"rendered":"http:\/\/mennur.com.tr\/?post_type=product&#038;p=3289"},"modified":"2021-06-20T01:18:22","modified_gmt":"2021-06-20T01:18:22","slug":"labne-peyniri","status":"publish","type":"product","link":"https:\/\/mennur.com.tr\/index.php\/urun\/labne-peyniri\/","title":{"rendered":"Labne Peyniri"},"content":{"rendered":"","protected":false},"excerpt":{"rendered":"<p>\u00dcr\u00fcn Ad\u0131: Labne Peyniri<\/p>\n<p>Marka: P\u0131nar<\/p>\n<p>Paketleme: 750 gr ve 2750 gr l\u0131k Ambalajlarda<\/p>\n<p>Gramaj:\u00a0 750 gr ve 2750 gr l\u0131k Ambalajlar halinde sat\u0131lmaktad\u0131r.<\/p>\n","protected":false},"featured_media":3290,"template":"","meta":[],"product_cat":[34],"product_tag":[],"class_list":["post-3289","product","type-product","status-publish","has-post-thumbnail","hentry","product_cat-peynir"],"_links":{"self":[{"href":"https:\/\/mennur.com.tr\/index.php\/wp-json\/wp\/v2\/product\/3289","targetHints":{"allow":["GET"]}}],"collection":[{"href":"https:\/\/mennur.com.tr\/index.php\/wp-json\/wp\/v2\/product"}],"about":[{"href":"https:\/\/mennur.com.tr\/index.php\/wp-json\/wp\/v2\/types\/product"}],"version-history":[{"count":1,"href":"https:\/\/mennur.com.tr\/index.php\/wp-json\/wp\/v2\/product\/3289\/revisions"}],"predecessor-version":[{"id":3291,"href":"https:\/\/mennur.com.tr\/index.php\/wp-json\/wp\/v2\/product\/3289\/revisions\/3291"}],"wp:featuredmedia":[{"embeddable":true,"href":"https:\/\/mennur.com.tr\/index.php\/wp-json\/wp\/v2\/media\/3290"}],"wp:attachment":[{"href":"https:\/\/mennur.com.tr\/index.php\/wp-json\/wp\/v2\/media?parent=3289"}],"wp:term":[{"taxonomy":"product_cat","embeddable":true,"href":"https:\/\/mennur.com.tr\/index.php\/wp-json\/wp\/v2\/product_cat?post=3289"},{"taxonomy":"product_tag","embeddable":true,"href":"https:\/\/mennur.com.tr\/index.php\/wp-json\/wp\/v2\/product_tag?post=3289"}],"curies":[{"name":"wp","href":"https:\/\/api.w.org\/{rel}","templated":true}]}}