{"id":3312,"date":"2021-06-20T01:40:23","date_gmt":"2021-06-20T01:40:23","guid":{"rendered":"http:\/\/mennur.com.tr\/?post_type=product&#038;p=3312"},"modified":"2021-06-20T01:40:23","modified_gmt":"2021-06-20T01:40:23","slug":"b-sinif-siyah-zeytin-2","status":"publish","type":"product","link":"https:\/\/mennur.com.tr\/index.php\/urun\/b-sinif-siyah-zeytin-2\/","title":{"rendered":"B S\u0131n\u0131f Siyah Zeytin"},"content":{"rendered":"","protected":false},"excerpt":{"rendered":"<p>\u00dcr\u00fcn Ad\u0131: B S\u0131n\u0131f Siyah Zeytin<\/p>\n<p>Marka: Beyde<\/p>\n<p>Paketleme: 2 Kg Teneke<\/p>\n<p>Kalibre: 290-320 \/ S<\/p>\n<p>&nbsp;<\/p>\n","protected":false},"featured_media":3310,"template":"","meta":[],"product_cat":[35],"product_tag":[],"class_list":["post-3312","product","type-product","status-publish","has-post-thumbnail","hentry","product_cat-zeytin"],"_links":{"self":[{"href":"https:\/\/mennur.com.tr\/index.php\/wp-json\/wp\/v2\/product\/3312","targetHints":{"allow":["GET"]}}],"collection":[{"href":"https:\/\/mennur.com.tr\/index.php\/wp-json\/wp\/v2\/product"}],"about":[{"href":"https:\/\/mennur.com.tr\/index.php\/wp-json\/wp\/v2\/types\/product"}],"version-history":[{"count":1,"href":"https:\/\/mennur.com.tr\/index.php\/wp-json\/wp\/v2\/product\/3312\/revisions"}],"predecessor-version":[{"id":3313,"href":"https:\/\/mennur.com.tr\/index.php\/wp-json\/wp\/v2\/product\/3312\/revisions\/3313"}],"wp:featuredmedia":[{"embeddable":true,"href":"https:\/\/mennur.com.tr\/index.php\/wp-json\/wp\/v2\/media\/3310"}],"wp:attachment":[{"href":"https:\/\/mennur.com.tr\/index.php\/wp-json\/wp\/v2\/media?parent=3312"}],"wp:term":[{"taxonomy":"product_cat","embeddable":true,"href":"https:\/\/mennur.com.tr\/index.php\/wp-json\/wp\/v2\/product_cat?post=3312"},{"taxonomy":"product_tag","embeddable":true,"href":"https:\/\/mennur.com.tr\/index.php\/wp-json\/wp\/v2\/product_tag?post=3312"}],"curies":[{"name":"wp","href":"https:\/\/api.w.org\/{rel}","templated":true}]}}