{"id":3326,"date":"2021-06-20T01:46:13","date_gmt":"2021-06-20T01:46:13","guid":{"rendered":"http:\/\/mennur.com.tr\/?post_type=product&#038;p=3326"},"modified":"2021-07-05T10:43:32","modified_gmt":"2021-07-05T10:43:32","slug":"yesil-biberli-zeytin","status":"publish","type":"product","link":"https:\/\/mennur.com.tr\/index.php\/urun\/yesil-biberli-zeytin\/","title":{"rendered":"Ye\u015fil Biberli Zeytin"},"content":{"rendered":"","protected":false},"excerpt":{"rendered":"<p>\u00dcr\u00fcn Ad\u0131: Ye\u015fil Biberli Zeytin<\/p>\n<p>Marka: Eser<\/p>\n<p>Paketleme: 10 Kg Teneke<\/p>\n<p>Kalibre: 180 &#8211; 200<\/p>\n","protected":false},"featured_media":3327,"template":"","meta":[],"product_cat":[35],"product_tag":[],"class_list":["post-3326","product","type-product","status-publish","has-post-thumbnail","hentry","product_cat-zeytin"],"_links":{"self":[{"href":"https:\/\/mennur.com.tr\/index.php\/wp-json\/wp\/v2\/product\/3326","targetHints":{"allow":["GET"]}}],"collection":[{"href":"https:\/\/mennur.com.tr\/index.php\/wp-json\/wp\/v2\/product"}],"about":[{"href":"https:\/\/mennur.com.tr\/index.php\/wp-json\/wp\/v2\/types\/product"}],"version-history":[{"count":1,"href":"https:\/\/mennur.com.tr\/index.php\/wp-json\/wp\/v2\/product\/3326\/revisions"}],"predecessor-version":[{"id":3328,"href":"https:\/\/mennur.com.tr\/index.php\/wp-json\/wp\/v2\/product\/3326\/revisions\/3328"}],"wp:featuredmedia":[{"embeddable":true,"href":"https:\/\/mennur.com.tr\/index.php\/wp-json\/wp\/v2\/media\/3327"}],"wp:attachment":[{"href":"https:\/\/mennur.com.tr\/index.php\/wp-json\/wp\/v2\/media?parent=3326"}],"wp:term":[{"taxonomy":"product_cat","embeddable":true,"href":"https:\/\/mennur.com.tr\/index.php\/wp-json\/wp\/v2\/product_cat?post=3326"},{"taxonomy":"product_tag","embeddable":true,"href":"https:\/\/mennur.com.tr\/index.php\/wp-json\/wp\/v2\/product_tag?post=3326"}],"curies":[{"name":"wp","href":"https:\/\/api.w.org\/{rel}","templated":true}]}}