{"id":3332,"date":"2021-06-20T02:04:06","date_gmt":"2021-06-20T02:04:06","guid":{"rendered":"http:\/\/mennur.com.tr\/?post_type=product&#038;p=3332"},"modified":"2021-07-07T08:57:19","modified_gmt":"2021-07-07T08:57:19","slug":"tam-yagli-beyaz-peynir","status":"publish","type":"product","link":"https:\/\/mennur.com.tr\/index.php\/urun\/tam-yagli-beyaz-peynir\/","title":{"rendered":"Tam Ya\u011fl\u0131 Beyaz Peynir"},"content":{"rendered":"","protected":false},"excerpt":{"rendered":"<p>Tam ya\u011fl\u0131 inek s\u00fctlerinin % 0,8 oran\u0131nda seperat\u00f6rler ya\u011f\u0131 al\u0131n\u0131r. Yar\u0131m ya\u011fl\u0131 inek s\u00fctlerinin \u00e7ok y\u00fcksek s\u0131cakl\u0131kta past\u00f6rize edilip %100 dana \u015firden mayalar\u0131 kullan\u0131larak mayalan\u0131r. D\u00fc\u015f\u00fck tuz i\u00e7erir. K\u00fclt\u00fcr i\u00e7erir. <strong>Katk\u0131 ve koruyucu madde <\/strong>i\u00e7ermedi\u011finden dolay\u0131 k\u0131sa s\u00fcrede t\u00fcketilmelidir. Kuru maddede en az %30 s\u00fct ya\u011f\u0131 ihtiva eder. B\u00f6rekler i\u00e7in vazge\u00e7ilmez peynirdir. \u00c7\u00fcnk\u00fc d\u00fc\u015f\u00fck tuz ve \u00f6zel tat ile b\u00f6rekte kaybolmadan t\u00fcketilebilir.<\/p>\n<p>Paketleme: 17 kg luk Teneke ve Vakumlu ambalajlarda sat\u0131lmaktad\u0131r.<\/p>\n","protected":false},"featured_media":3334,"template":"","meta":[],"product_cat":[33],"product_tag":[46],"class_list":["post-3332","product","type-product","status-publish","has-post-thumbnail","hentry","product_cat-beyde","product_tag-beyde"],"_links":{"self":[{"href":"https:\/\/mennur.com.tr\/index.php\/wp-json\/wp\/v2\/product\/3332","targetHints":{"allow":["GET"]}}],"collection":[{"href":"https:\/\/mennur.com.tr\/index.php\/wp-json\/wp\/v2\/product"}],"about":[{"href":"https:\/\/mennur.com.tr\/index.php\/wp-json\/wp\/v2\/types\/product"}],"version-history":[{"count":1,"href":"https:\/\/mennur.com.tr\/index.php\/wp-json\/wp\/v2\/product\/3332\/revisions"}],"predecessor-version":[{"id":3336,"href":"https:\/\/mennur.com.tr\/index.php\/wp-json\/wp\/v2\/product\/3332\/revisions\/3336"}],"wp:featuredmedia":[{"embeddable":true,"href":"https:\/\/mennur.com.tr\/index.php\/wp-json\/wp\/v2\/media\/3334"}],"wp:attachment":[{"href":"https:\/\/mennur.com.tr\/index.php\/wp-json\/wp\/v2\/media?parent=3332"}],"wp:term":[{"taxonomy":"product_cat","embeddable":true,"href":"https:\/\/mennur.com.tr\/index.php\/wp-json\/wp\/v2\/product_cat?post=3332"},{"taxonomy":"product_tag","embeddable":true,"href":"https:\/\/mennur.com.tr\/index.php\/wp-json\/wp\/v2\/product_tag?post=3332"}],"curies":[{"name":"wp","href":"https:\/\/api.w.org\/{rel}","templated":true}]}}