{"id":3337,"date":"2021-06-20T02:08:06","date_gmt":"2021-06-20T02:08:06","guid":{"rendered":"http:\/\/mennur.com.tr\/?post_type=product&#038;p=3337"},"modified":"2021-07-07T08:57:23","modified_gmt":"2021-07-07T08:57:23","slug":"toz-peynir","status":"publish","type":"product","link":"https:\/\/mennur.com.tr\/index.php\/urun\/toz-peynir\/","title":{"rendered":"Toz Peynir"},"content":{"rendered":"","protected":false},"excerpt":{"rendered":"<p>4 \u00e7e\u015fit tam ya\u011fl\u0131 olgunla\u015ft\u0131r\u0131l\u0131p ideal lezzete ula\u015fm\u0131\u015f inek ve koyun \u00a0peynirlerinin kar\u0131\u015f\u0131m\u0131ndan olu\u015fur. Kuru maddede en az %45 s\u00fct ya\u011f\u0131 ihtiva eder. Makarnalarda ve parmesan peynirinin kullan\u0131ld\u0131\u011f\u0131 b\u00fct\u00fcn \u00fcr\u00fcnlerde kullan\u0131labilir.<\/p>\n","protected":false},"featured_media":3338,"template":"","meta":[],"product_cat":[33],"product_tag":[46],"class_list":["post-3337","product","type-product","status-publish","has-post-thumbnail","hentry","product_cat-beyde","product_tag-beyde"],"_links":{"self":[{"href":"https:\/\/mennur.com.tr\/index.php\/wp-json\/wp\/v2\/product\/3337","targetHints":{"allow":["GET"]}}],"collection":[{"href":"https:\/\/mennur.com.tr\/index.php\/wp-json\/wp\/v2\/product"}],"about":[{"href":"https:\/\/mennur.com.tr\/index.php\/wp-json\/wp\/v2\/types\/product"}],"version-history":[{"count":1,"href":"https:\/\/mennur.com.tr\/index.php\/wp-json\/wp\/v2\/product\/3337\/revisions"}],"predecessor-version":[{"id":3339,"href":"https:\/\/mennur.com.tr\/index.php\/wp-json\/wp\/v2\/product\/3337\/revisions\/3339"}],"wp:featuredmedia":[{"embeddable":true,"href":"https:\/\/mennur.com.tr\/index.php\/wp-json\/wp\/v2\/media\/3338"}],"wp:attachment":[{"href":"https:\/\/mennur.com.tr\/index.php\/wp-json\/wp\/v2\/media?parent=3337"}],"wp:term":[{"taxonomy":"product_cat","embeddable":true,"href":"https:\/\/mennur.com.tr\/index.php\/wp-json\/wp\/v2\/product_cat?post=3337"},{"taxonomy":"product_tag","embeddable":true,"href":"https:\/\/mennur.com.tr\/index.php\/wp-json\/wp\/v2\/product_tag?post=3337"}],"curies":[{"name":"wp","href":"https:\/\/api.w.org\/{rel}","templated":true}]}}