{"id":3349,"date":"2021-06-20T02:12:41","date_gmt":"2021-06-20T02:12:41","guid":{"rendered":"http:\/\/mennur.com.tr\/?post_type=product&#038;p=3349"},"modified":"2021-07-07T08:58:04","modified_gmt":"2021-07-07T08:58:04","slug":"rende-mozzarella","status":"publish","type":"product","link":"https:\/\/mennur.com.tr\/index.php\/urun\/rende-mozzarella\/","title":{"rendered":"Rende Mozzarella"},"content":{"rendered":"","protected":false},"excerpt":{"rendered":"<p>Tam ya\u011fl\u0131 inek s\u00fctleri d\u00fc\u015f\u00fck s\u0131cakl\u0131kta uzun s\u00fcre past\u00f6rize edilip %100 fermente kimozin peynir mayalar\u0131 kullan\u0131larak mayalan\u0131r. Tamamen s\u00fct ve s\u00fct orjinli \u00fcr\u00fcnlerden izole edilmi\u015f ve dondurularak kurutulmu\u015f k\u00fclt\u00fcr i\u00e7erir. Sulu ha\u015flama y\u00f6ntemiyle yap\u0131l\u0131r. Pizza i\u00e7in uygun erime derecesine g\u00f6re yap\u0131l\u0131r. Tuz i\u00e7erir. Pizzalarda en \u00fcst verimi sa\u011flar. Ayr\u0131ca d\u00fc\u015f\u00fck tuz oran\u0131 sayesinde tad\u0131 daha iyi anla\u015f\u0131lmaktad\u0131r.<\/p>\n<p>Paketleme: 2 kg l\u0131k ambalajlarda sat\u0131lmaktad\u0131r.<\/p>\n","protected":false},"featured_media":3350,"template":"","meta":[],"product_cat":[33],"product_tag":[46],"class_list":["post-3349","product","type-product","status-publish","has-post-thumbnail","hentry","product_cat-beyde","product_tag-beyde"],"_links":{"self":[{"href":"https:\/\/mennur.com.tr\/index.php\/wp-json\/wp\/v2\/product\/3349","targetHints":{"allow":["GET"]}}],"collection":[{"href":"https:\/\/mennur.com.tr\/index.php\/wp-json\/wp\/v2\/product"}],"about":[{"href":"https:\/\/mennur.com.tr\/index.php\/wp-json\/wp\/v2\/types\/product"}],"version-history":[{"count":1,"href":"https:\/\/mennur.com.tr\/index.php\/wp-json\/wp\/v2\/product\/3349\/revisions"}],"predecessor-version":[{"id":3351,"href":"https:\/\/mennur.com.tr\/index.php\/wp-json\/wp\/v2\/product\/3349\/revisions\/3351"}],"wp:featuredmedia":[{"embeddable":true,"href":"https:\/\/mennur.com.tr\/index.php\/wp-json\/wp\/v2\/media\/3350"}],"wp:attachment":[{"href":"https:\/\/mennur.com.tr\/index.php\/wp-json\/wp\/v2\/media?parent=3349"}],"wp:term":[{"taxonomy":"product_cat","embeddable":true,"href":"https:\/\/mennur.com.tr\/index.php\/wp-json\/wp\/v2\/product_cat?post=3349"},{"taxonomy":"product_tag","embeddable":true,"href":"https:\/\/mennur.com.tr\/index.php\/wp-json\/wp\/v2\/product_tag?post=3349"}],"curies":[{"name":"wp","href":"https:\/\/api.w.org\/{rel}","templated":true}]}}