{"id":3355,"date":"2021-06-20T02:14:36","date_gmt":"2021-06-20T02:14:36","guid":{"rendered":"http:\/\/mennur.com.tr\/?post_type=product&#038;p=3355"},"modified":"2021-07-07T08:58:14","modified_gmt":"2021-07-07T08:58:14","slug":"orgu-peyniri","status":"publish","type":"product","link":"https:\/\/mennur.com.tr\/index.php\/urun\/orgu-peyniri\/","title":{"rendered":"\u00d6rg\u00fc Peyniri"},"content":{"rendered":"","protected":false},"excerpt":{"rendered":"<p>Tam ya\u011fl\u0131 inek s\u00fctleri d\u00fc\u015f\u00fck s\u0131cakl\u0131kta uzun s\u00fcre past\u00f6rize edilip %100 fermente kimozin peynir mayalar\u0131 kullan\u0131larak mayalan\u0131r. \u00d6rg\u00fc formu ald\u0131r\u0131l\u0131p salamura suyunda dinlendirilir. Tuz oran\u0131 d\u00fc\u015f\u00fckt\u00fcr. Suda bekletilmeden t\u00fcketilebilmektedir.<\/p>\n<p>Paketleme: 500 gr l\u0131k ambalajlarda sat\u0131lmaktad\u0131r.<\/p>\n","protected":false},"featured_media":3356,"template":"","meta":[],"product_cat":[33],"product_tag":[46],"class_list":["post-3355","product","type-product","status-publish","has-post-thumbnail","hentry","product_cat-beyde","product_tag-beyde"],"_links":{"self":[{"href":"https:\/\/mennur.com.tr\/index.php\/wp-json\/wp\/v2\/product\/3355","targetHints":{"allow":["GET"]}}],"collection":[{"href":"https:\/\/mennur.com.tr\/index.php\/wp-json\/wp\/v2\/product"}],"about":[{"href":"https:\/\/mennur.com.tr\/index.php\/wp-json\/wp\/v2\/types\/product"}],"version-history":[{"count":1,"href":"https:\/\/mennur.com.tr\/index.php\/wp-json\/wp\/v2\/product\/3355\/revisions"}],"predecessor-version":[{"id":3357,"href":"https:\/\/mennur.com.tr\/index.php\/wp-json\/wp\/v2\/product\/3355\/revisions\/3357"}],"wp:featuredmedia":[{"embeddable":true,"href":"https:\/\/mennur.com.tr\/index.php\/wp-json\/wp\/v2\/media\/3356"}],"wp:attachment":[{"href":"https:\/\/mennur.com.tr\/index.php\/wp-json\/wp\/v2\/media?parent=3355"}],"wp:term":[{"taxonomy":"product_cat","embeddable":true,"href":"https:\/\/mennur.com.tr\/index.php\/wp-json\/wp\/v2\/product_cat?post=3355"},{"taxonomy":"product_tag","embeddable":true,"href":"https:\/\/mennur.com.tr\/index.php\/wp-json\/wp\/v2\/product_tag?post=3355"}],"curies":[{"name":"wp","href":"https:\/\/api.w.org\/{rel}","templated":true}]}}