{"id":3361,"date":"2021-06-20T02:16:05","date_gmt":"2021-06-20T02:16:05","guid":{"rendered":"http:\/\/mennur.com.tr\/?post_type=product&#038;p=3361"},"modified":"2021-07-07T08:58:25","modified_gmt":"2021-07-07T08:58:25","slug":"koy-peyniri","status":"publish","type":"product","link":"https:\/\/mennur.com.tr\/index.php\/urun\/koy-peyniri\/","title":{"rendered":"K\u00f6y Peyniri"},"content":{"rendered":"","protected":false},"excerpt":{"rendered":"<p>Tam ya\u011fl\u0131 inek s\u00fctleri \u00e7ok y\u00fcksek s\u0131cakl\u0131kta past\u00f6rize edilip %100 dana \u015firden mayalar\u0131 kullan\u0131larak mayalan\u0131r. D\u00fc\u015f\u00fck tuz i\u00e7erir. K\u00fclt\u00fcr i\u00e7ermez. Katk\u0131 ve koruyucu madde i\u00e7ermedi\u011finden dolay\u0131 k\u0131sa s\u00fcrede t\u00fcketilmelidir. Kuru maddede en %45 s\u00fct ya\u011f\u0131 ihtiva eder. \u00d6zellikleri aras\u0131nda d\u00fc\u015f\u00fck tuz oran\u0131 sayesinde peynir tad\u0131 tamamen dama\u011fa gelmektedir.<\/p>\n","protected":false},"featured_media":3362,"template":"","meta":[],"product_cat":[33],"product_tag":[46],"class_list":["post-3361","product","type-product","status-publish","has-post-thumbnail","hentry","product_cat-beyde","product_tag-beyde"],"_links":{"self":[{"href":"https:\/\/mennur.com.tr\/index.php\/wp-json\/wp\/v2\/product\/3361","targetHints":{"allow":["GET"]}}],"collection":[{"href":"https:\/\/mennur.com.tr\/index.php\/wp-json\/wp\/v2\/product"}],"about":[{"href":"https:\/\/mennur.com.tr\/index.php\/wp-json\/wp\/v2\/types\/product"}],"version-history":[{"count":1,"href":"https:\/\/mennur.com.tr\/index.php\/wp-json\/wp\/v2\/product\/3361\/revisions"}],"predecessor-version":[{"id":3363,"href":"https:\/\/mennur.com.tr\/index.php\/wp-json\/wp\/v2\/product\/3361\/revisions\/3363"}],"wp:featuredmedia":[{"embeddable":true,"href":"https:\/\/mennur.com.tr\/index.php\/wp-json\/wp\/v2\/media\/3362"}],"wp:attachment":[{"href":"https:\/\/mennur.com.tr\/index.php\/wp-json\/wp\/v2\/media?parent=3361"}],"wp:term":[{"taxonomy":"product_cat","embeddable":true,"href":"https:\/\/mennur.com.tr\/index.php\/wp-json\/wp\/v2\/product_cat?post=3361"},{"taxonomy":"product_tag","embeddable":true,"href":"https:\/\/mennur.com.tr\/index.php\/wp-json\/wp\/v2\/product_tag?post=3361"}],"curies":[{"name":"wp","href":"https:\/\/api.w.org\/{rel}","templated":true}]}}