{"id":3379,"date":"2021-06-20T02:20:35","date_gmt":"2021-06-20T02:20:35","guid":{"rendered":"http:\/\/mennur.com.tr\/?post_type=product&#038;p=3379"},"modified":"2021-07-07T08:58:51","modified_gmt":"2021-07-07T08:58:51","slug":"ezine-keci-peyniri","status":"publish","type":"product","link":"https:\/\/mennur.com.tr\/index.php\/urun\/ezine-keci-peyniri\/","title":{"rendered":"Ezine Ke\u00e7i Peyniri"},"content":{"rendered":"","protected":false},"excerpt":{"rendered":"<p>Ege b\u00f6lgesinin me\u015fhur lezzetlerinden birisidir. Kalsiyum, fosfor , demir ve protein y\u00f6n\u00fcnden zengin olan ke\u00e7i peyniri a\u011f\u0131rl\u0131kl\u0131 Ke\u00e7i s\u00fct\u00fc (%55), Koyun S\u00fct\u00fc (%30) ve \u0130nek S\u00fct\u00fcnden (%15) yap\u0131lmaktad\u0131r.\u00a0 Tekst\u00fcr ve lezzet i\u00e7in Minimum 6 ay ile 1 y\u0131l aras\u0131nda olgunla\u015ft\u0131rd\u0131ktan sonra t\u00fcketime sunulmaktad\u0131r. Kuru maddede en az %45 s\u00fct ya\u011f\u0131 ihtiva eder.<\/p>\n","protected":false},"featured_media":3380,"template":"","meta":[],"product_cat":[33],"product_tag":[46],"class_list":["post-3379","product","type-product","status-publish","has-post-thumbnail","hentry","product_cat-beyde","product_tag-beyde"],"_links":{"self":[{"href":"https:\/\/mennur.com.tr\/index.php\/wp-json\/wp\/v2\/product\/3379","targetHints":{"allow":["GET"]}}],"collection":[{"href":"https:\/\/mennur.com.tr\/index.php\/wp-json\/wp\/v2\/product"}],"about":[{"href":"https:\/\/mennur.com.tr\/index.php\/wp-json\/wp\/v2\/types\/product"}],"version-history":[{"count":1,"href":"https:\/\/mennur.com.tr\/index.php\/wp-json\/wp\/v2\/product\/3379\/revisions"}],"predecessor-version":[{"id":3381,"href":"https:\/\/mennur.com.tr\/index.php\/wp-json\/wp\/v2\/product\/3379\/revisions\/3381"}],"wp:featuredmedia":[{"embeddable":true,"href":"https:\/\/mennur.com.tr\/index.php\/wp-json\/wp\/v2\/media\/3380"}],"wp:attachment":[{"href":"https:\/\/mennur.com.tr\/index.php\/wp-json\/wp\/v2\/media?parent=3379"}],"wp:term":[{"taxonomy":"product_cat","embeddable":true,"href":"https:\/\/mennur.com.tr\/index.php\/wp-json\/wp\/v2\/product_cat?post=3379"},{"taxonomy":"product_tag","embeddable":true,"href":"https:\/\/mennur.com.tr\/index.php\/wp-json\/wp\/v2\/product_tag?post=3379"}],"curies":[{"name":"wp","href":"https:\/\/api.w.org\/{rel}","templated":true}]}}