{"id":3391,"date":"2021-06-20T02:23:44","date_gmt":"2021-06-20T02:23:44","guid":{"rendered":"http:\/\/mennur.com.tr\/?post_type=product&#038;p=3391"},"modified":"2021-07-07T08:56:13","modified_gmt":"2021-07-07T08:56:13","slug":"cecil-peyniri","status":"publish","type":"product","link":"https:\/\/mennur.com.tr\/index.php\/urun\/cecil-peyniri\/","title":{"rendered":"\u00c7e\u00e7il Peyniri"},"content":{"rendered":"","protected":false},"excerpt":{"rendered":"<p>Tam ya\u011fl\u0131 inek s\u00fctleri d\u00fc\u015f\u00fck s\u0131cakl\u0131kta uzun s\u00fcre past\u00f6rize edilip %100 fermente kimozin peynir mayalar\u0131 kullan\u0131larak mayalan\u0131r. Tel formuna gelmesi i\u00e7in hamur \u00f6zel haz\u0131rlan\u0131r.<\/p>\n<p>Paketleme: 1 kg l\u0131k k\u00fcvetlerde sat\u0131lmaktad\u0131r.<\/p>\n","protected":false},"featured_media":3392,"template":"","meta":[],"product_cat":[33],"product_tag":[46],"class_list":["post-3391","product","type-product","status-publish","has-post-thumbnail","hentry","product_cat-beyde","product_tag-beyde"],"_links":{"self":[{"href":"https:\/\/mennur.com.tr\/index.php\/wp-json\/wp\/v2\/product\/3391","targetHints":{"allow":["GET"]}}],"collection":[{"href":"https:\/\/mennur.com.tr\/index.php\/wp-json\/wp\/v2\/product"}],"about":[{"href":"https:\/\/mennur.com.tr\/index.php\/wp-json\/wp\/v2\/types\/product"}],"version-history":[{"count":1,"href":"https:\/\/mennur.com.tr\/index.php\/wp-json\/wp\/v2\/product\/3391\/revisions"}],"predecessor-version":[{"id":3393,"href":"https:\/\/mennur.com.tr\/index.php\/wp-json\/wp\/v2\/product\/3391\/revisions\/3393"}],"wp:featuredmedia":[{"embeddable":true,"href":"https:\/\/mennur.com.tr\/index.php\/wp-json\/wp\/v2\/media\/3392"}],"wp:attachment":[{"href":"https:\/\/mennur.com.tr\/index.php\/wp-json\/wp\/v2\/media?parent=3391"}],"wp:term":[{"taxonomy":"product_cat","embeddable":true,"href":"https:\/\/mennur.com.tr\/index.php\/wp-json\/wp\/v2\/product_cat?post=3391"},{"taxonomy":"product_tag","embeddable":true,"href":"https:\/\/mennur.com.tr\/index.php\/wp-json\/wp\/v2\/product_tag?post=3391"}],"curies":[{"name":"wp","href":"https:\/\/api.w.org\/{rel}","templated":true}]}}